{"id":810,"date":"2025-01-27T00:23:27","date_gmt":"2025-01-26T23:23:27","guid":{"rendered":"https:\/\/studiumistdp.pl\/?page_id=810"},"modified":"2026-03-14T23:12:34","modified_gmt":"2026-03-14T22:12:34","slug":"wydarzenia","status":"publish","type":"page","link":"https:\/\/studiumistdp.pl\/index.php\/wydarzenia\/","title":{"rendered":"Wydarzenia"},"content":{"rendered":"\t\t<div data-elementor-type=\"wp-page\" data-elementor-id=\"810\" class=\"elementor elementor-810\">\n\t\t\t\t<div class=\"elementor-element elementor-element-f9bb32c e-flex e-con-boxed e-con e-parent\" data-id=\"f9bb32c\" data-element_type=\"container\" data-e-type=\"container\">\n\t\t\t\t\t<div class=\"e-con-inner\">\n\t\t\t\t<div class=\"elementor-element elementor-element-e3bb0d8 elementor-widget elementor-widget-text-editor\" data-id=\"e3bb0d8\" data-element_type=\"widget\" data-e-type=\"widget\" data-widget_type=\"text-editor.default\">\n\t\t\t\t<div class=\"elementor-widget-container\">\n\t\t\t\t\t\t\t\t\t<p>\u00a0<\/p><p>\u00a0<\/p>\t\t\t\t\t\t\t\t<\/div>\n\t\t\t\t<\/div>\n\t\t\t\t<div class=\"elementor-element elementor-element-9d875b3 elementor-widget elementor-widget-text-editor\" data-id=\"9d875b3\" data-element_type=\"widget\" data-e-type=\"widget\" data-widget_type=\"text-editor.default\">\n\t\t\t\t<div class=\"elementor-widget-container\">\n\t\t\t\t\t\t\t\t\t<p><span style=\"text-decoration: underline;\"><strong>Dwudniowy warsztat superwizyjno-dydaktyczny ISTDP 17\u201318 kwietnia 2026<\/strong><\/span><\/p><p><strong>Prowadz\u0105cy: Tobias Nordqvist (ISTDP, Szwecja)<\/strong><\/p><p>Z rado\u015bci\u0105 zapraszam na <strong>dwudniowy warsztat superwizyjno-dydaktyczny<\/strong>, organizowany przez <strong>Studium ISTDP<\/strong>. Warsztat poprowadzi <strong>Tobias Nordqvist<\/strong> \u2013 do\u015bwiadczony terapeuta, nauczyciel i superwizor ISTDP ze Szwecji, znany wielu absolwentom szkole\u0144 ISTDP w Polsce.<br \/>Warsztat b\u0119dzie prowadzony <strong>w j\u0119zyku angielskim z t\u0142umaczeniem na j\u0119zyk polski<\/strong>.<\/p><p>Mia\u0142am przyjemno\u015b\u0107 wsp\u00f3\u0142prowadzi\u0107 z Tobiasem kilka edycji <strong>Core Training ISTDP<\/strong> w Laboratorium Psychoedukacji. Ciesz\u0119 si\u0119, \u017ce poprowadzi on intensywny warsztat superwizyjno-dydaktyczny w <strong>Studium ISTDP w Warszawie<\/strong>.<br \/>Wi\u0119cej informacji o prowadz\u0105cym znajdziecie na stronie: <strong><a href=\"http:\/\/www.studiumistdp.pl\">www.studiumistdp.pl<\/a><\/strong><\/p><p><strong>Dla kogo?<\/strong><\/p><p>Warsztat skierowany jest do terapeut\u00f3w, kt\u00f3rzy:<br \/>\u2013 uko\u0144czyli <strong>Core Training ISTDP<\/strong> lub<br \/>\u2013 s\u0105 co najmniej w trakcie <strong>drugiego roku tego szkolenia<\/strong>.<\/p><p><strong>Forma warsztatu<\/strong><\/p><ul><li><strong>udzia\u0142 czynny<\/strong> \u2013 przygotowanie materia\u0142u video, mo\u017cliwo\u015b\u0107 otrzymania superwizji od prowadz\u0105cego (wszystkie miejsca na superwizj\u0119 czynn\u0105 s\u0105 juz zaj\u0119te)<br \/>\u2022 <strong>udzia\u0142 bierny<\/strong> \u2013 udzia\u0142 w cz\u0119\u015bci dydaktycznej, obserwacja superwizji oraz udzia\u0142 w dyskusjach<\/li><\/ul><p><strong>Czas trwania: 2 dni<\/strong><\/p><p><strong>Termin<\/strong><\/p><p>\u2013 <strong>pi\u0105tek, 17 kwietnia<\/strong> \u2013 godz. 10.00\u201318.00<br \/>\u2013 <strong>sobota, 18 kwietnia<\/strong> \u2013 godz. 9.30\u201317.30<\/p><p><strong>Miejsce: <\/strong>Warszawa, ul. Olesi\u0144ska 21<\/p><p><strong>Cena: <\/strong>udzia\u0142 bierny: <strong>1 165 z\u0142<\/strong><\/p><p>Zg\u0142oszenia prosimy kierowa\u0107 na adres: <strong>kontakt@studiumistdp.pl<\/strong><\/p><p>P\u0142atno\u015b\u0107 za udzia\u0142 w warsztacie:<br \/><strong>11 1240 1053 1111 0010 3823 2009 <\/strong><em>(w\u0142a\u015bciciel konta: Beata Za\u0142oga)<\/em><\/p><p>Istnieje mo\u017cliwo\u015b\u0107 <strong>wystawienia faktury<\/strong> \u2013 prosimy o informacj\u0119 przy zg\u0142oszeniu.<\/p>\t\t\t\t\t\t\t\t<\/div>\n\t\t\t\t<\/div>\n\t\t\t\t<div class=\"elementor-element elementor-element-491a6aa elementor-widget elementor-widget-eael-sticky-video\" data-id=\"491a6aa\" data-element_type=\"widget\" data-e-type=\"widget\" data-widget_type=\"eael-sticky-video.default\">\n\t\t\t\t<div class=\"elementor-widget-container\">\n\t\t\t\t\t<div class=\"eael-sticky-video-wrapper eaelsv-overlay-visibility-\"><div class=\"eael-sticky-video-player2\" data-sticky=\"yes\" data-position=\"bottom-right\" data-sheight=\"169\" data-swidth=\"300\" data-scroll_height=\"70\" data-autoplay=\"no\" data-overlay=\"no\"><video class=\"eaelsv-player\" id=\"eaelsv-player-491a6aa\" playsinline controls data-plyr-config=\"{&quot;autoplay&quot;:0, &quot;muted&quot;:0, &quot;loop&quot;: {&quot;active&quot;: false}}\">\n\t\t\t<source src=\"https:\/\/studiumistdp.pl\/wp-content\/uploads\/2026\/01\/VID-20260109-WA0017.mp4#t=,\" type=\"video\/mp4\" \/>\n\t\t<\/video>\n\t\t\t\t<span class=\"eaelsv-sticky-player-close\"><i class=\"fas fa-times-circle\"><\/i><\/span>\n\t\t\t<\/div>\n\t\t<\/div>\t\t\t\t<\/div>\n\t\t\t\t<\/div>\n\t\t\t\t\t<\/div>\n\t\t\t\t<\/div>\n\t\t<div class=\"elementor-element elementor-element-d7fea44 e-flex e-con-boxed e-con e-parent\" data-id=\"d7fea44\" data-element_type=\"container\" data-e-type=\"container\">\n\t\t\t\t\t<div class=\"e-con-inner\">\n\t\t\t\t<div class=\"elementor-element elementor-element-5a76931 elementor-widget elementor-widget-image\" data-id=\"5a76931\" data-element_type=\"widget\" data-e-type=\"widget\" data-widget_type=\"image.default\">\n\t\t\t\t<div class=\"elementor-widget-container\">\n\t\t\t\t\t\t\t\t\t\t\t\t\t\t\t<img fetchpriority=\"high\" decoding=\"async\" width=\"1024\" height=\"1024\" src=\"https:\/\/studiumistdp.pl\/wp-content\/uploads\/2025\/06\/wspoltworzenie-bezpieczenstwa_inst-1200x1200-002-1024x1024.jpg\" class=\"attachment-large size-large wp-image-1211\" alt=\"\" srcset=\"https:\/\/studiumistdp.pl\/wp-content\/uploads\/2025\/06\/wspoltworzenie-bezpieczenstwa_inst-1200x1200-002-1024x1024.jpg 1024w, https:\/\/studiumistdp.pl\/wp-content\/uploads\/2025\/06\/wspoltworzenie-bezpieczenstwa_inst-1200x1200-002-300x300.jpg 300w, https:\/\/studiumistdp.pl\/wp-content\/uploads\/2025\/06\/wspoltworzenie-bezpieczenstwa_inst-1200x1200-002-150x150.jpg 150w, https:\/\/studiumistdp.pl\/wp-content\/uploads\/2025\/06\/wspoltworzenie-bezpieczenstwa_inst-1200x1200-002-768x768.jpg 768w, https:\/\/studiumistdp.pl\/wp-content\/uploads\/2025\/06\/wspoltworzenie-bezpieczenstwa_inst-1200x1200-002-1536x1536.jpg 1536w, https:\/\/studiumistdp.pl\/wp-content\/uploads\/2025\/06\/wspoltworzenie-bezpieczenstwa_inst-1200x1200-002-2048x2048.jpg 2048w, https:\/\/studiumistdp.pl\/wp-content\/uploads\/2025\/06\/wspoltworzenie-bezpieczenstwa_inst-1200x1200-002-600x600.jpg 600w\" sizes=\"(max-width: 1024px) 100vw, 1024px\" \/>\t\t\t\t\t\t\t\t\t\t\t\t\t\t\t<\/div>\n\t\t\t\t<\/div>\n\t\t\t\t\t<\/div>\n\t\t\t\t<\/div>\n\t\t\t\t<\/div>\n\t\t","protected":false},"excerpt":{"rendered":"<p>\u00a0 \u00a0 Dwudniowy warsztat superwizyjno-dydaktyczny ISTDP 17\u201318 kwietnia 2026 Prowadz\u0105cy: Tobias Nordqvist (ISTDP, Szwecja) Z rado\u015bci\u0105 zapraszam na dwudniowy warsztat superwizyjno-dydaktyczny, organizowany przez Studium ISTDP. Warsztat poprowadzi Tobias Nordqvist \u2013 do\u015bwiadczony terapeuta, nauczyciel i superwizor ISTDP ze Szwecji, znany wielu absolwentom szkole\u0144 ISTDP w Polsce.Warsztat b\u0119dzie prowadzony w j\u0119zyku angielskim z t\u0142umaczeniem na j\u0119zyk polski. [&hellip;]<\/p>\n","protected":false},"author":1,"featured_media":0,"parent":0,"menu_order":0,"comment_status":"closed","ping_status":"closed","template":"","meta":{"ocean_post_layout":"","ocean_both_sidebars_style":"","ocean_both_sidebars_content_width":0,"ocean_both_sidebars_sidebars_width":0,"ocean_sidebar":"","ocean_second_sidebar":"","ocean_disable_margins":"enable","ocean_add_body_class":"","ocean_shortcode_before_top_bar":"","ocean_shortcode_after_top_bar":"","ocean_shortcode_before_header":"","ocean_shortcode_after_header":"","ocean_has_shortcode":"","ocean_shortcode_after_title":"","ocean_shortcode_before_footer_widgets":"","ocean_shortcode_after_footer_widgets":"","ocean_shortcode_before_footer_bottom":"","ocean_shortcode_after_footer_bottom":"","ocean_display_top_bar":"default","ocean_display_header":"default","ocean_header_style":"","ocean_center_header_left_menu":"","ocean_custom_header_template":"","ocean_custom_logo":0,"ocean_custom_retina_logo":0,"ocean_custom_logo_max_width":0,"ocean_custom_logo_tablet_max_width":0,"ocean_custom_logo_mobile_max_width":0,"ocean_custom_logo_max_height":0,"ocean_custom_logo_tablet_max_height":0,"ocean_custom_logo_mobile_max_height":0,"ocean_header_custom_menu":"","ocean_menu_typo_font_family":"","ocean_menu_typo_font_subset":"","ocean_menu_typo_font_size":0,"ocean_menu_typo_font_size_tablet":0,"ocean_menu_typo_font_size_mobile":0,"ocean_menu_typo_font_size_unit":"px","ocean_menu_typo_font_weight":"","ocean_menu_typo_font_weight_tablet":"","ocean_menu_typo_font_weight_mobile":"","ocean_menu_typo_transform":"","ocean_menu_typo_transform_tablet":"","ocean_menu_typo_transform_mobile":"","ocean_menu_typo_line_height":0,"ocean_menu_typo_line_height_tablet":0,"ocean_menu_typo_line_height_mobile":0,"ocean_menu_typo_line_height_unit":"","ocean_menu_typo_spacing":0,"ocean_menu_typo_spacing_tablet":0,"ocean_menu_typo_spacing_mobile":0,"ocean_menu_typo_spacing_unit":"","ocean_menu_link_color":"","ocean_menu_link_color_hover":"","ocean_menu_link_color_active":"","ocean_menu_link_background":"","ocean_menu_link_hover_background":"","ocean_menu_link_active_background":"","ocean_menu_social_links_bg":"","ocean_menu_social_hover_links_bg":"","ocean_menu_social_links_color":"","ocean_menu_social_hover_links_color":"","ocean_disable_title":"default","ocean_disable_heading":"default","ocean_post_title":"","ocean_post_subheading":"","ocean_post_title_style":"","ocean_post_title_background_color":"","ocean_post_title_background":0,"ocean_post_title_bg_image_position":"","ocean_post_title_bg_image_attachment":"","ocean_post_title_bg_image_repeat":"","ocean_post_title_bg_image_size":"","ocean_post_title_height":0,"ocean_post_title_bg_overlay":0.5,"ocean_post_title_bg_overlay_color":"","ocean_disable_breadcrumbs":"default","ocean_breadcrumbs_color":"","ocean_breadcrumbs_separator_color":"","ocean_breadcrumbs_links_color":"","ocean_breadcrumbs_links_hover_color":"","ocean_display_footer_widgets":"default","ocean_display_footer_bottom":"default","ocean_custom_footer_template":"","footnotes":""},"class_list":["post-810","page","type-page","status-publish","hentry","entry"],"yoast_head":"<!-- This site is optimized with the Yoast SEO plugin v27.4 - https:\/\/yoast.com\/product\/yoast-seo-wordpress\/ -->\n<title>Wydarzenia - Studium ISTDP<\/title>\n<meta name=\"robots\" content=\"index, follow, max-snippet:-1, max-image-preview:large, max-video-preview:-1\" \/>\n<link rel=\"canonical\" href=\"https:\/\/studiumistdp.pl\/index.php\/wydarzenia\/\" \/>\n<meta property=\"og:locale\" content=\"pl_PL\" \/>\n<meta property=\"og:type\" content=\"article\" \/>\n<meta property=\"og:title\" content=\"Wydarzenia - Studium ISTDP\" \/>\n<meta property=\"og:description\" content=\"\u00a0 \u00a0 Dwudniowy warsztat superwizyjno-dydaktyczny ISTDP 17\u201318 kwietnia 2026 Prowadz\u0105cy: Tobias Nordqvist (ISTDP, Szwecja) Z rado\u015bci\u0105 zapraszam na dwudniowy warsztat superwizyjno-dydaktyczny, organizowany przez Studium ISTDP. Warsztat poprowadzi Tobias Nordqvist \u2013 do\u015bwiadczony terapeuta, nauczyciel i superwizor ISTDP ze Szwecji, znany wielu absolwentom szkole\u0144 ISTDP w Polsce.Warsztat b\u0119dzie prowadzony w j\u0119zyku angielskim z t\u0142umaczeniem na j\u0119zyk polski. [&hellip;]\" \/>\n<meta property=\"og:url\" content=\"https:\/\/studiumistdp.pl\/index.php\/wydarzenia\/\" \/>\n<meta property=\"og:site_name\" content=\"Studium ISTDP\" \/>\n<meta property=\"article:modified_time\" content=\"2026-03-14T22:12:34+00:00\" \/>\n<meta property=\"og:image\" content=\"https:\/\/studiumistdp.pl\/wp-content\/uploads\/2025\/06\/wspoltworzenie-bezpieczenstwa_inst-1200x1200-002.jpg\" \/>\n\t<meta property=\"og:image:width\" content=\"2500\" \/>\n\t<meta property=\"og:image:height\" content=\"2500\" \/>\n\t<meta property=\"og:image:type\" content=\"image\/jpeg\" \/>\n<meta name=\"twitter:card\" content=\"summary_large_image\" \/>\n<meta name=\"twitter:label1\" content=\"Szacowany czas czytania\" \/>\n\t<meta name=\"twitter:data1\" content=\"2 minuty\" \/>\n<script type=\"application\/ld+json\" class=\"yoast-schema-graph\">{\"@context\":\"https:\\\/\\\/schema.org\",\"@graph\":[{\"@type\":\"WebPage\",\"@id\":\"https:\\\/\\\/studiumistdp.pl\\\/index.php\\\/wydarzenia\\\/\",\"url\":\"https:\\\/\\\/studiumistdp.pl\\\/index.php\\\/wydarzenia\\\/\",\"name\":\"Wydarzenia - Studium ISTDP\",\"isPartOf\":{\"@id\":\"https:\\\/\\\/studiumistdp.pl\\\/#website\"},\"primaryImageOfPage\":{\"@id\":\"https:\\\/\\\/studiumistdp.pl\\\/index.php\\\/wydarzenia\\\/#primaryimage\"},\"image\":{\"@id\":\"https:\\\/\\\/studiumistdp.pl\\\/index.php\\\/wydarzenia\\\/#primaryimage\"},\"thumbnailUrl\":\"https:\\\/\\\/studiumistdp.pl\\\/wp-content\\\/uploads\\\/2025\\\/06\\\/wspoltworzenie-bezpieczenstwa_inst-1200x1200-002-1024x1024.jpg\",\"datePublished\":\"2025-01-26T23:23:27+00:00\",\"dateModified\":\"2026-03-14T22:12:34+00:00\",\"breadcrumb\":{\"@id\":\"https:\\\/\\\/studiumistdp.pl\\\/index.php\\\/wydarzenia\\\/#breadcrumb\"},\"inLanguage\":\"pl-PL\",\"potentialAction\":[{\"@type\":\"ReadAction\",\"target\":[\"https:\\\/\\\/studiumistdp.pl\\\/index.php\\\/wydarzenia\\\/\"]}]},{\"@type\":\"ImageObject\",\"inLanguage\":\"pl-PL\",\"@id\":\"https:\\\/\\\/studiumistdp.pl\\\/index.php\\\/wydarzenia\\\/#primaryimage\",\"url\":\"https:\\\/\\\/studiumistdp.pl\\\/wp-content\\\/uploads\\\/2025\\\/06\\\/wspoltworzenie-bezpieczenstwa_inst-1200x1200-002.jpg\",\"contentUrl\":\"https:\\\/\\\/studiumistdp.pl\\\/wp-content\\\/uploads\\\/2025\\\/06\\\/wspoltworzenie-bezpieczenstwa_inst-1200x1200-002.jpg\",\"width\":2500,\"height\":2500},{\"@type\":\"BreadcrumbList\",\"@id\":\"https:\\\/\\\/studiumistdp.pl\\\/index.php\\\/wydarzenia\\\/#breadcrumb\",\"itemListElement\":[{\"@type\":\"ListItem\",\"position\":1,\"name\":\"Strona g\u0142\u00f3wna\",\"item\":\"https:\\\/\\\/studiumistdp.pl\\\/\"},{\"@type\":\"ListItem\",\"position\":2,\"name\":\"Wydarzenia\"}]},{\"@type\":\"WebSite\",\"@id\":\"https:\\\/\\\/studiumistdp.pl\\\/#website\",\"url\":\"https:\\\/\\\/studiumistdp.pl\\\/\",\"name\":\"Studium ISTDP\",\"description\":\"\",\"publisher\":{\"@id\":\"https:\\\/\\\/studiumistdp.pl\\\/#organization\"},\"potentialAction\":[{\"@type\":\"SearchAction\",\"target\":{\"@type\":\"EntryPoint\",\"urlTemplate\":\"https:\\\/\\\/studiumistdp.pl\\\/?s={search_term_string}\"},\"query-input\":{\"@type\":\"PropertyValueSpecification\",\"valueRequired\":true,\"valueName\":\"search_term_string\"}}],\"inLanguage\":\"pl-PL\"},{\"@type\":\"Organization\",\"@id\":\"https:\\\/\\\/studiumistdp.pl\\\/#organization\",\"name\":\"Studium ISTDP\",\"url\":\"https:\\\/\\\/studiumistdp.pl\\\/\",\"logo\":{\"@type\":\"ImageObject\",\"inLanguage\":\"pl-PL\",\"@id\":\"https:\\\/\\\/studiumistdp.pl\\\/#\\\/schema\\\/logo\\\/image\\\/\",\"url\":\"https:\\\/\\\/studiumistdp.pl\\\/wp-content\\\/uploads\\\/2025\\\/09\\\/cropped-ISTDPBeataZaloga-V1.png\",\"contentUrl\":\"https:\\\/\\\/studiumistdp.pl\\\/wp-content\\\/uploads\\\/2025\\\/09\\\/cropped-ISTDPBeataZaloga-V1.png\",\"width\":1920,\"height\":527,\"caption\":\"Studium ISTDP\"},\"image\":{\"@id\":\"https:\\\/\\\/studiumistdp.pl\\\/#\\\/schema\\\/logo\\\/image\\\/\"}}]}<\/script>\n<!-- \/ Yoast SEO plugin. -->","yoast_head_json":{"title":"Wydarzenia - Studium ISTDP","robots":{"index":"index","follow":"follow","max-snippet":"max-snippet:-1","max-image-preview":"max-image-preview:large","max-video-preview":"max-video-preview:-1"},"canonical":"https:\/\/studiumistdp.pl\/index.php\/wydarzenia\/","og_locale":"pl_PL","og_type":"article","og_title":"Wydarzenia - Studium ISTDP","og_description":"\u00a0 \u00a0 Dwudniowy warsztat superwizyjno-dydaktyczny ISTDP 17\u201318 kwietnia 2026 Prowadz\u0105cy: Tobias Nordqvist (ISTDP, Szwecja) Z rado\u015bci\u0105 zapraszam na dwudniowy warsztat superwizyjno-dydaktyczny, organizowany przez Studium ISTDP. Warsztat poprowadzi Tobias Nordqvist \u2013 do\u015bwiadczony terapeuta, nauczyciel i superwizor ISTDP ze Szwecji, znany wielu absolwentom szkole\u0144 ISTDP w Polsce.Warsztat b\u0119dzie prowadzony w j\u0119zyku angielskim z t\u0142umaczeniem na j\u0119zyk polski. [&hellip;]","og_url":"https:\/\/studiumistdp.pl\/index.php\/wydarzenia\/","og_site_name":"Studium ISTDP","article_modified_time":"2026-03-14T22:12:34+00:00","og_image":[{"width":2500,"height":2500,"url":"https:\/\/studiumistdp.pl\/wp-content\/uploads\/2025\/06\/wspoltworzenie-bezpieczenstwa_inst-1200x1200-002.jpg","type":"image\/jpeg"}],"twitter_card":"summary_large_image","twitter_misc":{"Szacowany czas czytania":"2 minuty"},"schema":{"@context":"https:\/\/schema.org","@graph":[{"@type":"WebPage","@id":"https:\/\/studiumistdp.pl\/index.php\/wydarzenia\/","url":"https:\/\/studiumistdp.pl\/index.php\/wydarzenia\/","name":"Wydarzenia - Studium ISTDP","isPartOf":{"@id":"https:\/\/studiumistdp.pl\/#website"},"primaryImageOfPage":{"@id":"https:\/\/studiumistdp.pl\/index.php\/wydarzenia\/#primaryimage"},"image":{"@id":"https:\/\/studiumistdp.pl\/index.php\/wydarzenia\/#primaryimage"},"thumbnailUrl":"https:\/\/studiumistdp.pl\/wp-content\/uploads\/2025\/06\/wspoltworzenie-bezpieczenstwa_inst-1200x1200-002-1024x1024.jpg","datePublished":"2025-01-26T23:23:27+00:00","dateModified":"2026-03-14T22:12:34+00:00","breadcrumb":{"@id":"https:\/\/studiumistdp.pl\/index.php\/wydarzenia\/#breadcrumb"},"inLanguage":"pl-PL","potentialAction":[{"@type":"ReadAction","target":["https:\/\/studiumistdp.pl\/index.php\/wydarzenia\/"]}]},{"@type":"ImageObject","inLanguage":"pl-PL","@id":"https:\/\/studiumistdp.pl\/index.php\/wydarzenia\/#primaryimage","url":"https:\/\/studiumistdp.pl\/wp-content\/uploads\/2025\/06\/wspoltworzenie-bezpieczenstwa_inst-1200x1200-002.jpg","contentUrl":"https:\/\/studiumistdp.pl\/wp-content\/uploads\/2025\/06\/wspoltworzenie-bezpieczenstwa_inst-1200x1200-002.jpg","width":2500,"height":2500},{"@type":"BreadcrumbList","@id":"https:\/\/studiumistdp.pl\/index.php\/wydarzenia\/#breadcrumb","itemListElement":[{"@type":"ListItem","position":1,"name":"Strona g\u0142\u00f3wna","item":"https:\/\/studiumistdp.pl\/"},{"@type":"ListItem","position":2,"name":"Wydarzenia"}]},{"@type":"WebSite","@id":"https:\/\/studiumistdp.pl\/#website","url":"https:\/\/studiumistdp.pl\/","name":"Studium ISTDP","description":"","publisher":{"@id":"https:\/\/studiumistdp.pl\/#organization"},"potentialAction":[{"@type":"SearchAction","target":{"@type":"EntryPoint","urlTemplate":"https:\/\/studiumistdp.pl\/?s={search_term_string}"},"query-input":{"@type":"PropertyValueSpecification","valueRequired":true,"valueName":"search_term_string"}}],"inLanguage":"pl-PL"},{"@type":"Organization","@id":"https:\/\/studiumistdp.pl\/#organization","name":"Studium ISTDP","url":"https:\/\/studiumistdp.pl\/","logo":{"@type":"ImageObject","inLanguage":"pl-PL","@id":"https:\/\/studiumistdp.pl\/#\/schema\/logo\/image\/","url":"https:\/\/studiumistdp.pl\/wp-content\/uploads\/2025\/09\/cropped-ISTDPBeataZaloga-V1.png","contentUrl":"https:\/\/studiumistdp.pl\/wp-content\/uploads\/2025\/09\/cropped-ISTDPBeataZaloga-V1.png","width":1920,"height":527,"caption":"Studium ISTDP"},"image":{"@id":"https:\/\/studiumistdp.pl\/#\/schema\/logo\/image\/"}}]}},"_links":{"self":[{"href":"https:\/\/studiumistdp.pl\/index.php\/wp-json\/wp\/v2\/pages\/810","targetHints":{"allow":["GET"]}}],"collection":[{"href":"https:\/\/studiumistdp.pl\/index.php\/wp-json\/wp\/v2\/pages"}],"about":[{"href":"https:\/\/studiumistdp.pl\/index.php\/wp-json\/wp\/v2\/types\/page"}],"author":[{"embeddable":true,"href":"https:\/\/studiumistdp.pl\/index.php\/wp-json\/wp\/v2\/users\/1"}],"replies":[{"embeddable":true,"href":"https:\/\/studiumistdp.pl\/index.php\/wp-json\/wp\/v2\/comments?post=810"}],"version-history":[{"count":61,"href":"https:\/\/studiumistdp.pl\/index.php\/wp-json\/wp\/v2\/pages\/810\/revisions"}],"predecessor-version":[{"id":1507,"href":"https:\/\/studiumistdp.pl\/index.php\/wp-json\/wp\/v2\/pages\/810\/revisions\/1507"}],"wp:attachment":[{"href":"https:\/\/studiumistdp.pl\/index.php\/wp-json\/wp\/v2\/media?parent=810"}],"curies":[{"name":"wp","href":"https:\/\/api.w.org\/{rel}","templated":true}]}}