{"id":686,"date":"2025-01-26T20:41:22","date_gmt":"2025-01-26T19:41:22","guid":{"rendered":"https:\/\/lesio7.webd.pl\/demo\/?page_id=686"},"modified":"2026-01-09T23:05:58","modified_gmt":"2026-01-09T22:05:58","slug":"szkolenia-dla-absolwentow-core-training-ct","status":"publish","type":"page","link":"https:\/\/studiumistdp.pl\/index.php\/szkolenia-dla-absolwentow-core-training-ct\/","title":{"rendered":"Szkolenia zawansowane"},"content":{"rendered":"\t\t<div data-elementor-type=\"wp-page\" data-elementor-id=\"686\" class=\"elementor elementor-686\">\n\t\t\t\t<div class=\"elementor-element elementor-element-ff67e59 e-flex e-con-boxed e-con e-parent\" data-id=\"ff67e59\" data-element_type=\"container\" data-e-type=\"container\">\n\t\t\t\t\t<div class=\"e-con-inner\">\n\t\t\t\t<div class=\"elementor-element elementor-element-ced692b elementor-widget elementor-widget-text-editor\" data-id=\"ced692b\" data-element_type=\"widget\" data-e-type=\"widget\" data-widget_type=\"text-editor.default\">\n\t\t\t\t<div class=\"elementor-widget-container\">\n\t\t\t\t\t\t\t\t\t<p><b>Szkolenia zaawansowane <\/b><span style=\"font-weight: 400;\">(Post-Core Training)<\/span><b> maj\u0105 form\u0119 superwizyjno-seminaryjn\u0105<\/b><span style=\"font-weight: 400;\"> i s\u0105 ukierunkowane na rozwijanie umiej\u0119tno\u015bci klinicznego my\u015blenia oraz praktycznego wykorzystania zaawansowanych technik terapeutycznych ISTDP.<\/span><\/p><p><strong>Informacje dotycz\u0105ce absolwenckiej grupy superwizyjnej \u00a0(Post-core training) \u2013 1. p\u00f3\u0142rocze 2026<\/strong><\/p><p>Grupa superwizyjna przeznaczona jest dla psychoterapeutek i psychoterapeut\u00f3w pracuj\u0105cych w podej\u015bciu ISTDP, kt\u00f3rzy uko\u0144czyli Core Training ISTDP. Superwizja prowadzona b\u0119dzie przez <strong>Beat\u0119 Za\u0142og\u0119<\/strong><\/p><p><strong>Informacje organizacyjne<\/strong><\/p><p>Cykl spotka\u0144 obejmuje <strong>5 spotka\u0144,<\/strong> realizowanych w okresie <strong>od lutego do czerwca 2026<\/strong>. Grupa spotyka si\u0119 <strong>raz w miesi\u0105cu<\/strong>, g\u0142\u00f3wnie w trybie hybrydowym.<\/p><p><strong>Czas trwania superwizji<\/strong><\/p><p>W 1. p\u00f3\u0142roczu 2026 <strong>wyd\u0142u\u017cony zostanie czas superwizji dla pojedynczej osoby do 50 minut<\/strong>, bardziej pog\u0142\u0119bione procesy superwizyjne.<\/p><p><strong>Tryb spotka\u0144<\/strong><\/p><ul><li><strong>3 spotkania online<\/strong><br \/>w godzinach <strong>9:30\u201312:50<\/strong><\/li><li><strong>2 spotkania bezpo\u015brednie w Warszawie<\/strong>, obejmuj\u0105ce r\u00f3wnie\u017c <strong>40-minutowy proces grupowego wsparcia <\/strong><\/li><\/ul><p><strong>Plan spotka\u0144 w Warszawie<\/strong><\/p><ul><li><strong>9:30\u201311:10<\/strong> \u2013 2 superwizje<\/li><li><strong>11:10\u201311:20<\/strong> \u2013 przerwa<\/li><li><strong>11:20\u201313:00<\/strong> \u2013 2 superwizje<\/li><li><strong>13:00\u201313:40<\/strong> \u2013 proces grupowego wsparcia (40 min)<\/li><\/ul><p><strong>Liczba superwizji<\/strong><\/p><p>Podczas ka\u017cdego spotkania sw\u00f3j materia\u0142 kliniczny prezentuj\u0105 cztery osoby (przy grupie 8-osobowej). Ka\u017cdy uczestnik ma mo\u017cliwo\u015b\u0107 odbycia aktywnej superwizji co najmniej co drugie spotkanie.<\/p><p><strong>Maksymalna liczba uczestnik\u00f3w: 6<\/strong><\/p><p><strong>Harmonogram spotka\u0144 \u2013 1. p\u00f3\u0142rocze 2026<\/strong><\/p><ul><li><strong>06 lutego 2026<\/strong> \u2013 online<br \/>\u2022 <strong>20 marca 2026<\/strong> \u2013 spotkanie bezpo\u015brednie w Warszawie<br \/>\u2022 <strong>10 kwietnia 2026<\/strong> \u2013 online<\/li><li><strong>22 maja 2026<\/strong> \u2013 online<br \/>\u2022 <strong>26 czerwca 2026<\/strong> \u2013 spotkanie bezpo\u015brednie w Warszawie<\/li><\/ul><p><strong>Op\u0142aty<\/strong><\/p><p>Cena udzia\u0142u w kolejnym p\u00f3\u0142rocznym cyklu superwizyjno-seminaryjnym (bez wzgl\u0119du na frekwencj\u0119) wynosi<br \/><strong>1490 z\u0142<\/strong>.<\/p><p>Kwota p\u0142atna jednorazowo do <strong>20.01.2026<\/strong>.<\/p><p><b>W tej grupie obecnie <span style=\"color: #ff0000;\">jedno wolne miejsce<\/span><\/b><\/p><p><span style=\"font-weight: 400;\">Grupa spotykaj\u0105ca si\u0119 <\/span><span style=\"font-weight: 400;\">w pi\u0105tki<\/span><span style=\"font-weight: 400;\">. W godzinach od 15.00 do 17.35\u00a0<\/span><\/p><p><b>W tej grupie obecnie <\/b><b><span style=\"color: red;\">brak wolnych miejsc<\/span><\/b><b>.<\/b><\/p><p><b>Obecnie odbywa si\u0119 nab\u00f3r do kolejnej grupy pracuj\u0105cej w trybie hybrydowym. <\/b>\u00a0W zale\u017cno\u015bci od preferencji zg\u0142aszaj\u0105cych si\u0119 os\u00f3b grupa b\u0119dzie spotyka\u0142a si\u0119 w pi\u0105tki lub soboty przed po\u0142udniem.<\/p><p><b>Szczeg\u00f3\u0142owe informacje o zaawansowanej grupie superwizyjno-seminaryjnej (Post-Core Training).<\/b><\/p><p><span style=\"font-weight: 400;\">Grupa superwizyjna jest przeznaczona dla psychoterapeut\u00f3w pracuj\u0105cych w podej\u015bciu ISTDP, kt\u00f3rzy uko\u0144czyli Core Training ISTDP.\u00a0<\/span><\/p><h3><b>Informacje organizacyjne<\/b><\/h3><ul><li style=\"font-weight: 400;\" aria-level=\"1\"><b>Cykl<\/b><span style=\"font-weight: 400;\">: 10 spotka\u0144 (trwaj\u0105cych do 3 godzin). Ka\u017cdy uczestnik co drugie spotkanie prezentuje sw\u00f3j materia\u0142 do superwizji.<\/span><\/li><li style=\"font-weight: 400;\" aria-level=\"1\"><b>Okres<\/b><span style=\"font-weight: 400;\">: od lutego 2026 do stycznia 2027<\/span><\/li><li style=\"font-weight: 400;\" aria-level=\"1\"><b>Miejsce<\/b><span style=\"font-weight: 400;\">: Zoom\/ Warszawa ul. Madali\u0144skiego 38\/40 m2<\/span><ul><li style=\"font-weight: 400;\" aria-level=\"2\"><span style=\"font-weight: 400;\">7 spotka\u0144 online na platformie ZOOM\/3 spotkania bezpo\u015brednie w Warszawie<\/span><\/li><\/ul><\/li><\/ul><p><b>Maksymalna liczba uczestnik\u00f3w<\/b><span style=\"font-weight: 400;\">: 8.\u00a0<\/span><\/p><h3><b>Harmonogram spotka\u0144:<\/b><\/h3><p><span style=\"font-weight: 400;\">Daty spotka\u0144\u00a0 b\u0119d\u0105 podane w p\u00f3\u017aniejszym terminie.<\/span><\/p><p>\u00a0<\/p><h3><b>Zg\u0142oszenia<\/b><\/h3><p><span style=\"font-weight: 400;\">Osoby zainteresowane udzia\u0142em w grupie prosimy o przesy\u0142anie zg\u0142osze\u0144 i pyta\u0144 na adres <\/span><b>beataz@mp.pl<\/b><span style=\"font-weight: 400;\">, w temacie maila wpisuj\u0105c \u201e Grupa Post-Core Training 2026\u201d, do\u0142\u0105czaj\u0105c informacj\u0119 o terminie i miejscu uko\u0144czenia Core Training.<\/span><\/p>\t\t\t\t\t\t\t\t<\/div>\n\t\t\t\t<\/div>\n\t\t\t\t\t<\/div>\n\t\t\t\t<\/div>\n\t\t\t\t<\/div>\n\t\t","protected":false},"excerpt":{"rendered":"<p>Szkolenia zaawansowane (Post-Core Training) maj\u0105 form\u0119 superwizyjno-seminaryjn\u0105 i s\u0105 ukierunkowane na rozwijanie umiej\u0119tno\u015bci klinicznego my\u015blenia oraz praktycznego wykorzystania zaawansowanych technik terapeutycznych ISTDP. Informacje dotycz\u0105ce absolwenckiej grupy superwizyjnej \u00a0(Post-core training) \u2013 1. p\u00f3\u0142rocze 2026 Grupa superwizyjna przeznaczona jest dla psychoterapeutek i psychoterapeut\u00f3w pracuj\u0105cych w podej\u015bciu ISTDP, kt\u00f3rzy uko\u0144czyli Core Training ISTDP. Superwizja prowadzona b\u0119dzie przez Beat\u0119 [&hellip;]<\/p>\n","protected":false},"author":1,"featured_media":0,"parent":0,"menu_order":0,"comment_status":"closed","ping_status":"closed","template":"","meta":{"ocean_post_layout":"","ocean_both_sidebars_style":"","ocean_both_sidebars_content_width":0,"ocean_both_sidebars_sidebars_width":0,"ocean_sidebar":"","ocean_second_sidebar":"","ocean_disable_margins":"enable","ocean_add_body_class":"","ocean_shortcode_before_top_bar":"","ocean_shortcode_after_top_bar":"","ocean_shortcode_before_header":"","ocean_shortcode_after_header":"","ocean_has_shortcode":"","ocean_shortcode_after_title":"","ocean_shortcode_before_footer_widgets":"","ocean_shortcode_after_footer_widgets":"","ocean_shortcode_before_footer_bottom":"","ocean_shortcode_after_footer_bottom":"","ocean_display_top_bar":"default","ocean_display_header":"default","ocean_header_style":"","ocean_center_header_left_menu":"","ocean_custom_header_template":"","ocean_custom_logo":0,"ocean_custom_retina_logo":0,"ocean_custom_logo_max_width":0,"ocean_custom_logo_tablet_max_width":0,"ocean_custom_logo_mobile_max_width":0,"ocean_custom_logo_max_height":0,"ocean_custom_logo_tablet_max_height":0,"ocean_custom_logo_mobile_max_height":0,"ocean_header_custom_menu":"","ocean_menu_typo_font_family":"","ocean_menu_typo_font_subset":"","ocean_menu_typo_font_size":0,"ocean_menu_typo_font_size_tablet":0,"ocean_menu_typo_font_size_mobile":0,"ocean_menu_typo_font_size_unit":"px","ocean_menu_typo_font_weight":"","ocean_menu_typo_font_weight_tablet":"","ocean_menu_typo_font_weight_mobile":"","ocean_menu_typo_transform":"","ocean_menu_typo_transform_tablet":"","ocean_menu_typo_transform_mobile":"","ocean_menu_typo_line_height":0,"ocean_menu_typo_line_height_tablet":0,"ocean_menu_typo_line_height_mobile":0,"ocean_menu_typo_line_height_unit":"","ocean_menu_typo_spacing":0,"ocean_menu_typo_spacing_tablet":0,"ocean_menu_typo_spacing_mobile":0,"ocean_menu_typo_spacing_unit":"","ocean_menu_link_color":"","ocean_menu_link_color_hover":"","ocean_menu_link_color_active":"","ocean_menu_link_background":"","ocean_menu_link_hover_background":"","ocean_menu_link_active_background":"","ocean_menu_social_links_bg":"","ocean_menu_social_hover_links_bg":"","ocean_menu_social_links_color":"","ocean_menu_social_hover_links_color":"","ocean_disable_title":"default","ocean_disable_heading":"default","ocean_post_title":"","ocean_post_subheading":"","ocean_post_title_style":"","ocean_post_title_background_color":"","ocean_post_title_background":0,"ocean_post_title_bg_image_position":"","ocean_post_title_bg_image_attachment":"","ocean_post_title_bg_image_repeat":"","ocean_post_title_bg_image_size":"","ocean_post_title_height":0,"ocean_post_title_bg_overlay":0.5,"ocean_post_title_bg_overlay_color":"","ocean_disable_breadcrumbs":"default","ocean_breadcrumbs_color":"","ocean_breadcrumbs_separator_color":"","ocean_breadcrumbs_links_color":"","ocean_breadcrumbs_links_hover_color":"","ocean_display_footer_widgets":"default","ocean_display_footer_bottom":"default","ocean_custom_footer_template":"","footnotes":""},"class_list":["post-686","page","type-page","status-publish","hentry","entry"],"yoast_head":"<!-- This site is optimized with the Yoast SEO plugin v27.4 - https:\/\/yoast.com\/product\/yoast-seo-wordpress\/ -->\n<title>Szkolenia zawansowane - Studium ISTDP<\/title>\n<meta name=\"robots\" content=\"index, follow, max-snippet:-1, max-image-preview:large, max-video-preview:-1\" \/>\n<link rel=\"canonical\" href=\"https:\/\/studiumistdp.pl\/index.php\/szkolenia-dla-absolwentow-core-training-ct\/\" \/>\n<meta property=\"og:locale\" content=\"pl_PL\" \/>\n<meta property=\"og:type\" content=\"article\" \/>\n<meta property=\"og:title\" content=\"Szkolenia zawansowane - Studium ISTDP\" \/>\n<meta property=\"og:description\" content=\"Szkolenia zaawansowane (Post-Core Training) maj\u0105 form\u0119 superwizyjno-seminaryjn\u0105 i s\u0105 ukierunkowane na rozwijanie umiej\u0119tno\u015bci klinicznego my\u015blenia oraz praktycznego wykorzystania zaawansowanych technik terapeutycznych ISTDP. Informacje dotycz\u0105ce absolwenckiej grupy superwizyjnej \u00a0(Post-core training) \u2013 1. p\u00f3\u0142rocze 2026 Grupa superwizyjna przeznaczona jest dla psychoterapeutek i psychoterapeut\u00f3w pracuj\u0105cych w podej\u015bciu ISTDP, kt\u00f3rzy uko\u0144czyli Core Training ISTDP. Superwizja prowadzona b\u0119dzie przez Beat\u0119 [&hellip;]\" \/>\n<meta property=\"og:url\" content=\"https:\/\/studiumistdp.pl\/index.php\/szkolenia-dla-absolwentow-core-training-ct\/\" \/>\n<meta property=\"og:site_name\" content=\"Studium ISTDP\" \/>\n<meta property=\"article:modified_time\" content=\"2026-01-09T22:05:58+00:00\" \/>\n<meta name=\"twitter:card\" content=\"summary_large_image\" \/>\n<meta name=\"twitter:label1\" content=\"Szacowany czas czytania\" \/>\n\t<meta name=\"twitter:data1\" content=\"3 minuty\" \/>\n<script type=\"application\/ld+json\" class=\"yoast-schema-graph\">{\"@context\":\"https:\\\/\\\/schema.org\",\"@graph\":[{\"@type\":\"WebPage\",\"@id\":\"https:\\\/\\\/studiumistdp.pl\\\/index.php\\\/szkolenia-dla-absolwentow-core-training-ct\\\/\",\"url\":\"https:\\\/\\\/studiumistdp.pl\\\/index.php\\\/szkolenia-dla-absolwentow-core-training-ct\\\/\",\"name\":\"Szkolenia zawansowane - Studium ISTDP\",\"isPartOf\":{\"@id\":\"https:\\\/\\\/studiumistdp.pl\\\/#website\"},\"datePublished\":\"2025-01-26T19:41:22+00:00\",\"dateModified\":\"2026-01-09T22:05:58+00:00\",\"breadcrumb\":{\"@id\":\"https:\\\/\\\/studiumistdp.pl\\\/index.php\\\/szkolenia-dla-absolwentow-core-training-ct\\\/#breadcrumb\"},\"inLanguage\":\"pl-PL\",\"potentialAction\":[{\"@type\":\"ReadAction\",\"target\":[\"https:\\\/\\\/studiumistdp.pl\\\/index.php\\\/szkolenia-dla-absolwentow-core-training-ct\\\/\"]}]},{\"@type\":\"BreadcrumbList\",\"@id\":\"https:\\\/\\\/studiumistdp.pl\\\/index.php\\\/szkolenia-dla-absolwentow-core-training-ct\\\/#breadcrumb\",\"itemListElement\":[{\"@type\":\"ListItem\",\"position\":1,\"name\":\"Strona g\u0142\u00f3wna\",\"item\":\"https:\\\/\\\/studiumistdp.pl\\\/\"},{\"@type\":\"ListItem\",\"position\":2,\"name\":\"Szkolenia zawansowane\"}]},{\"@type\":\"WebSite\",\"@id\":\"https:\\\/\\\/studiumistdp.pl\\\/#website\",\"url\":\"https:\\\/\\\/studiumistdp.pl\\\/\",\"name\":\"Studium ISTDP\",\"description\":\"\",\"publisher\":{\"@id\":\"https:\\\/\\\/studiumistdp.pl\\\/#organization\"},\"potentialAction\":[{\"@type\":\"SearchAction\",\"target\":{\"@type\":\"EntryPoint\",\"urlTemplate\":\"https:\\\/\\\/studiumistdp.pl\\\/?s={search_term_string}\"},\"query-input\":{\"@type\":\"PropertyValueSpecification\",\"valueRequired\":true,\"valueName\":\"search_term_string\"}}],\"inLanguage\":\"pl-PL\"},{\"@type\":\"Organization\",\"@id\":\"https:\\\/\\\/studiumistdp.pl\\\/#organization\",\"name\":\"Studium ISTDP\",\"url\":\"https:\\\/\\\/studiumistdp.pl\\\/\",\"logo\":{\"@type\":\"ImageObject\",\"inLanguage\":\"pl-PL\",\"@id\":\"https:\\\/\\\/studiumistdp.pl\\\/#\\\/schema\\\/logo\\\/image\\\/\",\"url\":\"https:\\\/\\\/studiumistdp.pl\\\/wp-content\\\/uploads\\\/2025\\\/09\\\/cropped-ISTDPBeataZaloga-V1.png\",\"contentUrl\":\"https:\\\/\\\/studiumistdp.pl\\\/wp-content\\\/uploads\\\/2025\\\/09\\\/cropped-ISTDPBeataZaloga-V1.png\",\"width\":1920,\"height\":527,\"caption\":\"Studium ISTDP\"},\"image\":{\"@id\":\"https:\\\/\\\/studiumistdp.pl\\\/#\\\/schema\\\/logo\\\/image\\\/\"}}]}<\/script>\n<!-- \/ Yoast SEO plugin. -->","yoast_head_json":{"title":"Szkolenia zawansowane - Studium ISTDP","robots":{"index":"index","follow":"follow","max-snippet":"max-snippet:-1","max-image-preview":"max-image-preview:large","max-video-preview":"max-video-preview:-1"},"canonical":"https:\/\/studiumistdp.pl\/index.php\/szkolenia-dla-absolwentow-core-training-ct\/","og_locale":"pl_PL","og_type":"article","og_title":"Szkolenia zawansowane - Studium ISTDP","og_description":"Szkolenia zaawansowane (Post-Core Training) maj\u0105 form\u0119 superwizyjno-seminaryjn\u0105 i s\u0105 ukierunkowane na rozwijanie umiej\u0119tno\u015bci klinicznego my\u015blenia oraz praktycznego wykorzystania zaawansowanych technik terapeutycznych ISTDP. Informacje dotycz\u0105ce absolwenckiej grupy superwizyjnej \u00a0(Post-core training) \u2013 1. p\u00f3\u0142rocze 2026 Grupa superwizyjna przeznaczona jest dla psychoterapeutek i psychoterapeut\u00f3w pracuj\u0105cych w podej\u015bciu ISTDP, kt\u00f3rzy uko\u0144czyli Core Training ISTDP. Superwizja prowadzona b\u0119dzie przez Beat\u0119 [&hellip;]","og_url":"https:\/\/studiumistdp.pl\/index.php\/szkolenia-dla-absolwentow-core-training-ct\/","og_site_name":"Studium ISTDP","article_modified_time":"2026-01-09T22:05:58+00:00","twitter_card":"summary_large_image","twitter_misc":{"Szacowany czas czytania":"3 minuty"},"schema":{"@context":"https:\/\/schema.org","@graph":[{"@type":"WebPage","@id":"https:\/\/studiumistdp.pl\/index.php\/szkolenia-dla-absolwentow-core-training-ct\/","url":"https:\/\/studiumistdp.pl\/index.php\/szkolenia-dla-absolwentow-core-training-ct\/","name":"Szkolenia zawansowane - Studium ISTDP","isPartOf":{"@id":"https:\/\/studiumistdp.pl\/#website"},"datePublished":"2025-01-26T19:41:22+00:00","dateModified":"2026-01-09T22:05:58+00:00","breadcrumb":{"@id":"https:\/\/studiumistdp.pl\/index.php\/szkolenia-dla-absolwentow-core-training-ct\/#breadcrumb"},"inLanguage":"pl-PL","potentialAction":[{"@type":"ReadAction","target":["https:\/\/studiumistdp.pl\/index.php\/szkolenia-dla-absolwentow-core-training-ct\/"]}]},{"@type":"BreadcrumbList","@id":"https:\/\/studiumistdp.pl\/index.php\/szkolenia-dla-absolwentow-core-training-ct\/#breadcrumb","itemListElement":[{"@type":"ListItem","position":1,"name":"Strona g\u0142\u00f3wna","item":"https:\/\/studiumistdp.pl\/"},{"@type":"ListItem","position":2,"name":"Szkolenia zawansowane"}]},{"@type":"WebSite","@id":"https:\/\/studiumistdp.pl\/#website","url":"https:\/\/studiumistdp.pl\/","name":"Studium ISTDP","description":"","publisher":{"@id":"https:\/\/studiumistdp.pl\/#organization"},"potentialAction":[{"@type":"SearchAction","target":{"@type":"EntryPoint","urlTemplate":"https:\/\/studiumistdp.pl\/?s={search_term_string}"},"query-input":{"@type":"PropertyValueSpecification","valueRequired":true,"valueName":"search_term_string"}}],"inLanguage":"pl-PL"},{"@type":"Organization","@id":"https:\/\/studiumistdp.pl\/#organization","name":"Studium ISTDP","url":"https:\/\/studiumistdp.pl\/","logo":{"@type":"ImageObject","inLanguage":"pl-PL","@id":"https:\/\/studiumistdp.pl\/#\/schema\/logo\/image\/","url":"https:\/\/studiumistdp.pl\/wp-content\/uploads\/2025\/09\/cropped-ISTDPBeataZaloga-V1.png","contentUrl":"https:\/\/studiumistdp.pl\/wp-content\/uploads\/2025\/09\/cropped-ISTDPBeataZaloga-V1.png","width":1920,"height":527,"caption":"Studium ISTDP"},"image":{"@id":"https:\/\/studiumistdp.pl\/#\/schema\/logo\/image\/"}}]}},"_links":{"self":[{"href":"https:\/\/studiumistdp.pl\/index.php\/wp-json\/wp\/v2\/pages\/686","targetHints":{"allow":["GET"]}}],"collection":[{"href":"https:\/\/studiumistdp.pl\/index.php\/wp-json\/wp\/v2\/pages"}],"about":[{"href":"https:\/\/studiumistdp.pl\/index.php\/wp-json\/wp\/v2\/types\/page"}],"author":[{"embeddable":true,"href":"https:\/\/studiumistdp.pl\/index.php\/wp-json\/wp\/v2\/users\/1"}],"replies":[{"embeddable":true,"href":"https:\/\/studiumistdp.pl\/index.php\/wp-json\/wp\/v2\/comments?post=686"}],"version-history":[{"count":29,"href":"https:\/\/studiumistdp.pl\/index.php\/wp-json\/wp\/v2\/pages\/686\/revisions"}],"predecessor-version":[{"id":1465,"href":"https:\/\/studiumistdp.pl\/index.php\/wp-json\/wp\/v2\/pages\/686\/revisions\/1465"}],"wp:attachment":[{"href":"https:\/\/studiumistdp.pl\/index.php\/wp-json\/wp\/v2\/media?parent=686"}],"curies":[{"name":"wp","href":"https:\/\/api.w.org\/{rel}","templated":true}]}}